Is 41547 a multiple of 164?
False
Does 19 divide 1653?
True
Is 2580 a multiple of 43?
True
Is 11 a factor of 3036?
True
Does 64 divide 2115?
False
Is 8 a factor of 12335?
False
Is 2176 a multiple of 68?
True
Is 227 a factor of 7945?
True
Does 50 divide 35300?
True
Is 14 a factor of 924?
True
Is 64873 a multiple of 321?
False
Does 8 divide 7530?
False
Does 66 divide 66?
True
Does 26 divide 220?
False
Does 72 divide 4680?
True
Is 2 a factor of 1303?
False
Is 3 a factor of 1068?
True
Is 4050 a multiple of 75?
True
Does 4 divide 140?
True
Does 19 divide 1961?
False
Is 607 a multiple of 54?
False
Is 33 a factor of 42682?
False
Is 14 a factor of 7092?
False
Is 28 a factor of 450?
False
Is 73 a factor of 11096?
True
Is 93 a multiple of 93?
True
Is 5 a factor of 1915?
True
Is 48 a factor of 20928?
True
Is 5746 a multiple of 142?
False
Does 61 divide 20618?
True
Is 27 a factor of 14391?
True
Does 221 divide 26962?
True
Is 99 a factor of 1688?
False
Is 4 a factor of 4746?
False
Does 16 divide 2169?
False
Does 9 divide 1081?
False
Does 10 divide 9077?
False
Is 48 a factor of 2207?
False
Is 12984 a multiple of 29?
False
Does 6 divide 3084?
True
Is 39 a factor of 62906?
False
Is 4 a factor of 2693?
False
Is 828 a multiple of 4?
True
Is 2483 a multiple of 13?
True
Does 51 divide 306?
True
Is 16 a factor of 53?
False
Does 80 divide 240?
True
Is 122 a factor of 11855?
False
Is 4335 a multiple of 12?
False
Is 8394 a multiple of 4?
False
Does 21 divide 22?
False
Is 24 a factor of 312?
True
Is 1281 a multiple of 49?
False
Is 35 a factor of 210?
True
Is 6 a factor of 25134?
True
Is 53889 a multiple of 74?
False
Is 12 a factor of 2993?
False
Is 9 a multiple of 2?
False
Is 123 a factor of 36580?
False
Does 8 divide 1008?
True
Is 6 a factor of 374?
False
Is 4 a factor of 92?
True
Is 99 a factor of 68541?
False
Is 12594 a multiple of 6?
True
Is 34 a factor of 618?
False
Is 77 a factor of 28792?
False
Is 11381 a multiple of 2?
False
Is 10980 a multiple of 244?
True
Does 18 divide 5904?
True
Is 7 a factor of 3871?
True
Is 67 a factor of 24857?
True
Does 15 divide 2199?
False
Is 835 a multiple of 5?
True
Does 45 divide 16461?
False
Is 4392 a multiple of 12?
True
Is 160 a factor of 28640?
True
Does 36 divide 15063?
False
Is 111 a factor of 1749?
False
Does 41 divide 241?
False
Does 291 divide 37157?
False
Is 17166 a multiple of 5?
False
Is 18 a factor of 941?
False
Is 8 a factor of 1048?
True
Is 26 a factor of 823?
False
Is 48 a factor of 9888?
True
Is 182 a multiple of 7?
True
Is 800 a multiple of 25?
True
Is 125 a factor of 8250?
True
Does 9 divide 2178?
True
Is 50 a factor of 129?
False
Is 7767 a multiple of 9?
True
Is 14532 a multiple of 21?
True
Is 112 a multiple of 14?
True
Is 14210 a multiple of 173?
False
Is 4415 a multiple of 6?
False
Does 35 divide 1820?
True
Does 16 divide 496?
True
Is 224 a multiple of 32?
True
Does 82 divide 11152?
True
Is 5 a factor of 60?
True
Is 1914 a multiple of 33?
True
Does 28 divide 1176?
True
Is 13 a factor of 8411?
True
Does 16 divide 546?
False
Does 6 divide 8340?
True
Is 27090 a multiple of 37?
False
Does 57 divide 570?
True
Is 18738 a multiple of 18?
True
Is 30 a multiple of 10?
True
Is 3 a factor of 234?
True
Is 462 a multiple of 25?
False
Is 499 a multiple of 23?
False
Is 4150 a multiple of 83?
True
Is 1675 a multiple of 25?
True
Is 57624 a multiple of 147?
True
Is 71 a factor of 2463?
False
Is 8 a factor of 1160?
True
Does 28 divide 1416?
False
Does 14 divide 39516?
False
Is 7 a factor of 56?
True
Does 50 divide 1955?
False
Does 13 divide 1651?
True
Does 4 divide 54?
False
Is 8979 a multiple of 73?
True
Does 11 divide 502?
False
Is 13 a factor of 7683?
True
Is 685 a multiple of 52?
False
Is 23 a factor of 14283?
True
Is 7 a factor of 324?
False
Is 23 a factor of 75?
False
Is 1911 a multiple of 6?
False
Does 262 divide 13345?
False
Is 53667 a multiple of 267?
True
Is 8610 a multiple of 70?
True
Does 19 divide 526?
False
Does 50 divide 490?
False
Is 25 a factor of 1642?
False
Does 11 divide 55?
True
Does 16 divide 2816?
True
Is 2 a factor of 111?
False
Does 7 divide 1134?
True
Is 18 a factor of 695?
False
Is 24 a factor of 10200?
True
Is 31851 a multiple of 48?
False
Does 9 divide 828?
True
Does 16 divide 804?
False
Is 11400 a multiple of 30?
True
Does 13 divide 154497?
False
Is 102816 a multiple of 51?
True
Does 29 divide 635?
False
Does 9 divide 369?
True
Does 80 divide 263?
False
Does 61 divide 488?
True
Does 69 divide 23184?
True
Does 13 divide 390?
True
Does 7 divide 4006?
False
Is 1716 a multiple of 78?
True
Does 28 divide 26600?
True
Is 209 a factor of 19145?
False
Does 15 divide 1062?
False
Does 32 divide 384?
True
Is 22 a factor of 1034?
True
Is 19 a factor of 579?
False
Is 879 a multiple of 30?
False
Is 241 a multiple of 9?
False
Is 814 a multiple of 22?
True
Does 7 divide 210?
True
Is 24817 a multiple of 83?
True
Is 11 a factor of 16452?
False
Is 315 a multiple of 63?
True
Does 4 divide 2688?
True
Does 12 divide 64406?
False
Does 22 divide 3291?
False
Does 3 divide 3937?
False
Is 4471 a multiple of 94?
False
Is 790 a multiple of 6?
False
Is 184 a factor of 22080?
True
Is 50 a factor of 11563?
False
Is 8365 a multiple of 35?
True
Does 149 divide 17880?
True
Is 50 a factor of 458?
False
Is 8730 a multiple of 6?
True
Is 343 a multiple of 35?
False
Is 1374 a multiple of 5?
False
Does 21 divide 189?
True
Does 10 divide 48741?
False
Is 840 a multiple of 42?
True
Does 4 divide 175?
False
Is 4 a factor of 551?
False
Does 31 divide 448?
False
Does 18 divide 9180?
True
Is 1092 a multiple of 28?
True
Is 2472 a multiple of 24?
True
Does 15 divide 12720?
True
Is 1180 a multiple of 12?
False
Is 23271 a multiple of 178?
False
Does 9 divide 1827?
True
Is 7970 a multiple of 10?
True
Is 603 a multiple of 8?
False
Does 37 divide 370?
True
Does 29 divide 145?
True
Is 349 a multiple of 57?
False
Does 13 divide 27625?
True
Does 103 divide 7828?
True
Is 53 a factor of 16897?
False
Is 78 a factor of 4926?
False
Is 35 a factor of 95970?
True
Is 4796 a multiple of 44?
True
Does 9 divide 11349?
True
Is 4522 a multiple of 27?
False
Is 501 a multiple of 8?
False
Is 2 a factor of 2059?
False
Is 83 a factor of 904?
False
Is 10 a factor of 7360?
True
Is 58 a factor of 174?
True
Is 35 a factor of 4085?
False
Is 16 a factor of 608?
True
Is 3 a factor of 112?
False
Is 15 a factor of 779?
False
Does 133 divide 36974?
True
Is 37 a factor of 407?
True
Is 610 a multiple of 5?
True
Is 4 a factor of 34134?
False
Does 20 divide 120?
True
Is 2 a factor of 9669?
False
Is 12 a factor of 7168?
False
Is 26 a factor of 118?
False
Is 14 a factor of 29428?
True
Is 3015 a multiple of 15?
True
Is 612 a multiple of 6?
True
Is 30 a factor of 1807?
False
Does 41 divide 8191?
False
Does 16 divide 7011?
False
Is 24 a factor of 1992?
True
Does 9 divide 3310?
False
Is 233 a multiple of 7?
False
Is 7 a factor of 1078?
True
Is 1107 a multiple of 41?
True
Is 308 a factor of 25256?
True
Does 3 divide 1296?
True
Does 69 divide 19276?
False
Does 74 divide 1336?
False
Is 38 a factor of 4249?
False
Is 1743 a multiple of 2?
False
Does 77 divide 4620?
True
Does 16 divide 9146?
False
Is 23 a factor of 138?
True
Is 2436 a multiple of 29?
True
Is 4732 a multiple of 13?
True
Is 18 a factor of 648?
True
Does 71 divide 970?
False
Is 2580 a multiple of 61?
False
Is 7 a factor of 651?
True
Is 14418 a multiple of 89?
True
Does 63 divide 3591?
True
Is 2 a factor of 26?
True
Is 6443 a multiple of 19?
False
Does 80 divide 34588?
False
Does 175 divide 1322?
False
Does 18 divide 24264?
True
Does 18 divide 27756?
True
Is 15880 a multiple of 8?
True
Is 514 a multiple of 32?
False
Is 12 a factor of 1716?
True
Is 33 a factor of 22275?
True
Is 107 a factor of 1753?
False
Is 1177 a multiple of 107?
True
Is 1194 a multiple of 15?
False
Is 1079 a multiple of 6?
False
Is 36 a factor of 5544?
True
Does 8 divide 1168?
True
Is 420 a factor of 97020?
True
Does 6 divide 42054?
True
Does 10 divide 9570?
True
Does 3 divide 68?
False
Does 464 divide 115536?
True
Is 1989 a multiple of 39?
True
Does 91 divide 23540?
False
Is 3710 a multiple of 14?
True
Is 789 a multiple of 15?
False
Is 47 a factor of 6540?
False
Is 38 a factor of 17080?
False
Is 17 a factor of 66198?
True
Is 15 a factor of 193?
False
Is 4118 a m